
183
In base 13, what is 384 + -235?
14c
In base 8, what is -160 - -1260?
1100
In base 7, what is -3 - -101420?
101414
In base 5, what is -2133 - -101002?
43314
In base 9, what is 4153681 + 0?
4153681
In base 4, what is 101311 + -13?
101232
In base 11, what is 10 - 494?
-484
In base 5, what is -13444 - 14040?
-33034
In base 11, what is 286 - 25?
261
In base 8, what is -2 - 5574?
-5576
In base 5, what is 2 - -43212?
43214
In base 16, what is -1ab + -982?
-b2d
In base 4, what is -30323 + -3332?
-100321
In base 12, what is 127485 + -3?
127482
In base 3, what is -1201220221 - -101?
-1201220120
In base 16, what is -3cac + 2?
-3caa
In base 10, what is 0 + -7319?
-7319
In base 14, what is -59030 + -11?
-59041
In base 3, what is -1102 - -121210210?
121202101
In base 13, what is -3 + 46c78?
46c75
In base 16, what is -2e + 2ef?
2c1
In base 9, what is -183006 - -4?
-183002
In base 9, what is -45681 + -1?
-45682
In base 2, what is 10001111 + 1011011011?
1101101010
In base 16, what is 35c55 + -3?
35c52
In base 6, what is 1 + 112243?
112244
In base 15, what is 24ab + -7?
24a4
In base 7, what is -256 + 112?
-144
In base 16, what is 3b - -4f0?
52b
In base 11, what is -59a9 + 18?
-5991
In base 6, what is 114 - -20143?
20301
In base 14, what is 2b219 + -1?
2b218
In base 9, what is 4014862 - 0?
4014862
In base 15, what is 82 - 4c0e?
-4b7c
In base 10, what is 117 - 350?
-233
In base 9, what is 2022001 - -1?
2022002
In base 16, what is -64b1c - -3?
-64b19
In base 8, what is -150 - 4065?
-4235
In base 16, what is 15 - -44ef?
4504
In base 6, what is -10 - 25305?
-25315
In base 2, what is 100000 - -101101000010101?
101101000110101
In base 8, what is 1125 + -572?
333
In base 15, what is -be21 + -4?
-be25
In base 9, what is 18372 - 23?
18348
In base 5, what is -4 + 22404330?
22404321
In base 9, what is -68451 + 4?
-68446
In base 16, what is -423da + 4?
-423d6
In base 2, what is -110001101100000110011110 + -100?
-110001101100000110100010
In base 4, what is -3 + 2103213?
2103210
In base 3, what is -122 - -1021210002?
1021202110
In base 16, what is -1e6b + -204?
-206f
In base 10, what is -20762 - -4?
-20758
In base 14, what is a - -473b?
4747
In base 16, what is -2083 + b?
-2078
In base 15, what is -1dc12 + -3?
-1dc15
In base 9, what is -657 - 26?
-684
In base 11, what is -20 - 6303?
-6323
In base 9, what is -4022 - 2?
-4024
In base 4, what is -131 - 2132211?
-2133002
In base 2, what is 100 + -10001000000000?
-10000111111100
In base 4, what is 32311022 + 22?
32311110
In base 14, what is 79 + -10a?
-71
In base 14, what is -10d4 + a?
-10c8
In base 10, what is 150 - -104?
254
In base 15, what is 87 - -94ab?
9543
In base 15, what is 1 + -3d85?
-3d84
In base 14, what is -b - 8017a?
-80187
In base 15, what is 3c83 - 0?
3c83
In base 14, what is 64 - 490?
-42a
In base 9, what is 1126631 + -5?
1126625
In base 16, what is -ac9c - a?
-aca6
In base 12, what is -b8 - -23?
-95
In base 12, what is -3 + 150574?
150571
In base 11, what is 106281 - -4?
106285
In base 10, what is -275 - 525?
-800
In base 10, what is -60 - -98?
38
In base 6, what is 135 + -213?
-34
In base 16, what is 49 + b66?
baf
In base 6, what is 1450 + 251?
2141
In base 15, what is 35 - 2712?
-26cc
In base 16, what is -1 + 6a78?
6a77
In base 2, what is -11 + 10101010100110?
10101010100011
In base 15, what is 10b + b2e?
c3a
In base 2, what is 110110010111101011000 - 1?
110110010111101010111
In base 7, what is 1 - 516140?
-516136
In base 8, what is -1607 - -762?
-625
In base 8, what is -2 - 11660?
-11662
In base 11, what is -1 - -91391?
91390
In base 10, what is -267695 + 5?
-267690
In base 12, what is -8a - 62?
-130
In base 10, what is -24469 - 4?
-24473
In base 7, what is 1 + 36554?
36555
In base 12, what is 0 + -954a5?
-954a5
In base 4, what is 12 - -101030?
101102
In base 3, what is -11222020221 - -10?
-11222020211
In base 2, what is 1010100001 - 11?
1010011110
In base 13, what is 36c06 + 40?
36c46
In base 8, what is -242654 + 4?
-242650
In base 10, what is -16 - -37032?
37016
In base 16, what is 9 - -89f8?
8a01
In base 15, what is 6d - -28?
96
In base 6, what is 24 + 30553?
31021
In base 3, what is 11200121 + 121?
11201012
In base 4, what is 1332132 - -10?
1332202
In base 3, what is -1220102221 + -1012?
-1220111010
In base 11, what is 2 + 3a494?
3a496
In base 6, what is 1 + -1532022?
-1532021
In base 2, what is -1001 - -110111100100?
110111011011
In base 13, what is -338431 - 0?
-338431
In base 15, what is 115 - 47?
bd
In base 7, what is -26656 - 1110?
-31066
In base 8, what is -3 - -57207?
57204
In base 15, what is 7ee023 - 2?
7ee021
In base 2, what is -1011001000001100 + -11?
-1011001000001111
In base 3, what is -10 - -2022022110?
2022022100
In base 4, what is -3 + 102100223?
102100220
In base 8, what is -545107 + 1?
-545106
In base 15, what is 2 + b7e5?
b7e7
In base 11, what is -2511750 + 2?
-2511749
In base 9, what is -282 + -125?
-417
In base 10, what is 2 - 135770?
-135768
In base 8, what is -31 + 1?
-30
In base 9, what is -63851 + 4?
-63846
In base 6, what is -23014 + -25?
-23043
In base 2, what is 10000 - 10010101111010011?
-10010101111000011
In base 12, what is 10632a + -4?
106326
In base 5, what is 1 + 322340?
322341
In base 2, what is 111 - 1001010100?
-1001001101
In base 13, what is 30c71 + -4?
30c6a
In base 14, what is 0 - -8309?
8309
In base 14, what is 7542 + -5?
753b
In base 12, what is 95 + 2a?
103
In base 7, what is -3420424 - 14?
-3420441
In base 15, what is -7 - 1e3d2?
-1e3d9
In base 3, what is 201120 - 101222?
22121
In base 5, what is -2 + -434101?
-434103
In base 13, what is -10 + 30784?
30774
In base 4, what is 2310 - 1312213?
-1303303
In base 11, what is 32662 - 0?
32662
In base 3, what is 1212011122101 + 12?
1212011122120
In base 4, what is 21232021003 - 10?
21232020333
In base 7, what is -3454145 + 4?
-3454141
In base 6, what is 5 + -15522?
-15513
In base 14, what is 26 - -1083a?
10862
In base 14, what is 39938 + 1?
39939
In base 8, what is -1232 - 50?
-1302
In base 14, what is -18 + -2a1c0?
-2a1d8
In base 6, what is -221 + 4104?
3443
In base 4, what is -1333001211 + 0?
-1333001211
In base 12, what is -18a16 + 1?
-18a15
In base 14, what is -9329 - -b?
-931c
In base 10, what is -26465 + -1?
-26466
In base 8, what is -6 - -13212?
13204
In base 9, what is -340 - -52?
-277
In base 2, what is -1000110010000101 - 101?
-1000110010001010
In base 7, what is 24 - 264440?
-264413
In base 2, what is -111 + 111111101000100?
111111100111101
In base 5, what is -10013 - -140?
-4323
In base 4, what is -112233 + -1100?
-113333
In base 16, what is -72 - -197?
125
In base 6, what is 233142 + -22?
233120
In base 14, what is -aba7 - 1?
-aba8
In base 13, what is b084 + -c1?
ac93
In base 15, what is 0 - -1bc0?
1bc0
In base 4, what is -10 + 300022?
300012
In base 15, what is -6b1c + -b?
-6b28
In base 8, what is 31 + 10744?
10775
In base 8, what is 5 + -4344174?
-4344167
In base 6, what is 14444 + 13?
14501
In base 3, what is 11 + -2002101?
-2002020
In base 14, what is 51a - 89?
471
In base 10, what is 5963 - -2?
5965
In base 15, what is 884ca7 - 4?
884ca3
In base 10, what is -39 - -1367?
1328
In base 12, what is -3 + 1691?
168a
In base 15, what is -c1 - -912?
841
In base 4, what is 31321 + 23232?
121213
In base 15, what is -4 + -382e?
-3833
In base 14, what is 2 + -2121?
-211d
In base 3, what is 2122210212 + -11?
2122210201
In base 14, what is -4675 - -13?
-4662
In base 12, what is 280b + 5?
2814
In base 13, what is -a9 + 677?
59b
In base 2, what is -1110 + 101011011100010?
101011011010100
In base 3, what is -10101202212 - -1?
-10101202211
In base 11, what is 43 - -5014?
5057
In base 10, what is -2285 + -5?
-2290
In base 11, what is 0 + -27421?
-27421
In base 11, what is 17134 - 12?
17122
In base 15, what is 32cc + 4?
32d1
In base 10, what is 252885 - -3?
252888
In base 2, what is 110011101011110 + -11?
110011101011011
In base 12, what is 11b9a - -3?
11ba1
In base 15, what is 37 - -3c74?
3cab
In base 5, what is -21 - 100314?
-100340
In base 4, what is -3 - -1013123?
1013120
In base 5, what is -4 + 4004140?
4004131
In base 15, what is b8e69 + -3?
b8e66
In base 8, what is 422405 - -30?
422435
In base 10, what is 39 + -66243?
-66204
In base 12, what is -211783 - -2?
-211781
In base 2, what is -101101 + -1001010101